number?
True
Is 106903 a prime number?
True
Is 111729 prime?
False
Is 219347 prime?
False
Is 11863 a composite number?
False
Is 57451 a composite number?
True
Is 110291 a composite number?
False
Is 20849 composite?
False
Is 213713 a composite number?
False
Is 13777 a prime number?
False
Is 371 a prime number?
False
Is 40094 prime?
False
Is 1826251 a prime number?
False
Is 81091 prime?
False
Is 2539 a prime number?
True
Is 43959 a composite number?
True
Is 975031 a prime number?
False
Is 701 composite?
False
Is 5533 prime?
False
Is 1399 a composite number?
False
Is 2531 composite?
False
Is 679487 a prime number?
True
Is 521 composite?
False
Is 7177 a composite number?
False
Is 21053 a prime number?
False
Is 1597913 a composite number?
False
Is 1008914 a prime number?
False
Is 2153 composite?
False
Is 18021 a prime number?
False
Is 23981 composite?
False
Is 7121 composite?
False
Is 10111 prime?
True
Is 158699 composite?
False
Is 3401031 composite?
True
Is 413591 prime?
False
Is 189181 a composite number?
True
Is 21431 a composite number?
True
Is 26591 prime?
True
Is 28789 a composite number?
False
Is 1896374 a prime number?
False
Is 109353 composite?
True
Is 113933 a composite number?
False
Is 76345 a composite number?
True
Is 189418 prime?
False
Is 22061 a prime number?
False
Is 135691 composite?
True
Is 18937 a prime number?
False
Is 9293 a prime number?
True
Is 116237 prime?
False
Is 1138465 composite?
True
Is 31303 a prime number?
False
Is 55643 a composite number?
True
Is 163337 prime?
True
Is 4889 prime?
True
Is 15187 composite?
False
Is 208739 composite?
False
Is 78349 a prime number?
False
Is 212131 a composite number?
False
Is 71569 composite?
False
Is 269009 a prime number?
False
Is 424037 composite?
False
Is 114407 a composite number?
False
Is 46582 prime?
False
Is 2334989 a prime number?
True
Is 247241 prime?
True
Is 3371 a prime number?
True
Is 445529 prime?
False
Is 157 a prime number?
True
Is 133747 a prime number?
False
Is 498143 a prime number?
True
Is 3383 prime?
False
Is 25793 prime?
True
Is 45379 a composite number?
True
Is 4201 prime?
True
Is 507743 a prime number?
True
Is 136943 composite?
False
Is 9259 composite?
True
Is 18827 a prime number?
False
Is 14051 prime?
True
Is 156887 a prime number?
True
Is 351913 a prime number?
True
Is 619709 a composite number?
True
Is 6733 a prime number?
True
Is 17942 a composite number?
True
Is 30011 prime?
True
Is 44193 prime?
False
Is 42565 a composite number?
True
Is 12689 a composite number?
False
Is 3829 a composite number?
True
Is 208037 a prime number?
True
Is 13291 a composite number?
False
Is 166503 composite?
True
Is 202955 a prime number?
False
Is 17211 composite?
True
Is 3893 a prime number?
False
Is 132721 composite?
False
Is 88763 a composite number?
True
Is 28789 a prime number?
True
Is 39583 a composite number?
True
Is 3043 prime?
False
Is 19541 a composite number?
False
Is 256337 prime?
True
Is 28151 a prime number?
True
Is 266909 prime?
True
Is 3389 prime?
True
Is 1054451 a prime number?
False
Is 60427 composite?
False
Is 28463 a prime number?
True
Is 186209 a composite number?
True
Is 257 composite?
False
Is 41963 composite?
True
Is 46411 prime?
True
Is 385799 prime?
False
Is 21683 a prime number?
True
Is 60031 a composite number?
True
Is 138389 composite?
False
Is 75821 a prime number?
True
Is 318503 composite?
False
Is 715291 a prime number?
False
Is 1510069 a prime number?
False
Is 554093 composite?
True
Is 75469 a prime number?
False
Is 5963 prime?
False
Is 28009 a prime number?
False
Is 39659 prime?
True
Is 1147 a composite number?
True
Is 109403 a composite number?
True
Is 3942745 composite?
True
Is 47798 a composite number?
True
Is 889 prime?
False
Is 52489 a composite number?
False
Is 79301 composite?
False
Is 356803 composite?
False
Is 4373 composite?
False
Is 7513 a composite number?
True
Is 251843 prime?
True
Is 60823 a prime number?
False
Is 132017 prime?
False
Is 1372429 composite?
True
Is 71759 composite?
True
Is 16355 composite?
True
Is 21349 composite?
True
Is 17943 composite?
True
Is 1184987 a prime number?
True
Is 2596117 composite?
True
Is 1906511 composite?
False
Is 389 a composite number?
False
Is 39541 a composite number?
False
Is 28211 prime?
True
Is 27955 a composite number?
True
Is 135203 a prime number?
False
Is 90353 composite?
False
Is 75443 prime?
False
Is 41807 a prime number?
False
Is 179431 a composite number?
True
Is 15877 prime?
True
Is 2123 a composite number?
True
Is 4222 prime?
False
Is 75659 composite?
False
Is 2554 prime?
False
Is 274693 prime?
True
Is 3403951 a composite number?
False
Is 5387269 prime?
False
Is 9923 composite?
False
Is 13963 a prime number?
True
Is 359 prime?
True
Is 44351 a prime number?
True
Is 7061 prime?
False
Is 427507 composite?
True
Is 7637 composite?
True
Is 1804481 a prime number?
False
Is 336947 prime?
False
Is 302399 a prime number?
True
Is 3067 prime?
True
Is 884573 a composite number?
False
Is 27611 composite?
False
Is 11299 a composite number?
False
Is 195809 composite?
False
Is 4493 a composite number?
False
Is 5471 a prime number?
True
Is 13343 composite?
True
Is 44207 prime?
True
Is 115678 prime?
False
Is 369581 composite?
False
Is 19369 composite?
True
Is 694033 prime?
True
Is 156659 a prime number?
True
Is 132631 composite?
False
Is 107831 a prime number?
False
Is 60953 a prime number?
True
Is 896407 composite?
True
Is 2310731 composite?
False
Is 462471 a composite number?
True
Is 9899 prime?
False
Is 29137 a prime number?
True
Is 34779 prime?
False
Is 89317 a composite number?
False
Is 2221 prime?
True
Is 560383 prime?
False
Is 572137 a composite number?
False
Is 6247 a composite number?
False
Is 7393 composite?
False
Is 1215989 composite?
True
Is 6779 a composite number?
False
Is 17213 a prime number?
False
Is 58507 composite?
True
Is 756391 a composite number?
True
Is 95293 composite?
True
Is 103861 a composite number?
True
Is 28511 a prime number?
False
Is 3035 a prime number?
False
Is 18599 prime?
False
Is 98041 composite?
False
Is 131597 a prime number?
False
Is 4327 composite?
False
Is 1227 a composite number?
True
Is 18019 a composite number?
True
Is 18273 prime?
False
Is 46459 prime?
False
Is 379033 composite?
False
Is 1485499 prime?
False
Is 61751 a prime number?
True
Is 2901 a composite number?
True
Is 491923 composite?
False
Is 789 a prime number?
False
Is 1194181 composite?
True
Is 73135 a prime number?
False
Is 249419 a composite number?
False
Is 722633 prime?
True
Is 19957 composite?
True
Is 629 prime?
False
Is 1837 composite?
True
Is 162193 a composite number?
True
Is 591 a prime number?
False
Is 2335091 composite?
True
Is 180893 prime?
False
Is 365851 prime?
True
Is 6523 prime?
False
Is 969287 composite?
True
Is 64697 a prime number?
False
Is 10895 composite?
True
Is 217859 composite?
False
Is 571397 a composite number?
False
Is 548117 prime?
True
Is 39737 composite?
True
Is 187 composite?
True
Is 106903 a composite number?
False
Is 105167 a prime number?
True
Is 28117 a prime number?
False
Is 280751 prime?
True
Is 1009 a composite number?
False
Is 185903 a prime number?
True
Is 71 a composite number?
False
Is 37483 a composite number?
False
Is 77302 a prime number?
False
Is 294221 a composite number?
True
Is 7319 prime?
False
Is 123581 prime?
True
Is 54869 composite?
False
Is 473545 a prime number?
False
Is 112813 composite?
True
Is 9733 a prime number?
True
Is 12289 composite?
False
Is 1472459 prime?
False
Is 9173 a prime number?
True
Is 129653 composite?
True
Is 22171 a prime number?
True
Is 34285 prime?
False
Is 480449 a composite number?
False
Is 3527 a prime number?
True
Is 3989 composite?
False
Is 39361 prime?
False
Is 6403 composite?
True
Is 108449 composite?
True
Is 20887 a prime number?
True
Is 67499 a prime number?
True
Is 25945 a composite number?
True
Is 8661 a prime number?
False
Is 26654 a composite number?
True
Is 2947921 composite?
True
Is 967 a composite number?
False
Is 49009 a composite number?
False
Is 941593 composite?
False
Is 37781 prime?
True
Is 1133042 a composite number?
True
Is 5581 a composite number?
False
Is 32243 prime?
False
Is 1846727 composite?
True
Is 225263 prime?
True
Is 33433 a composite number?
True
Is 4290473 a composite number?
True